 by 15.
14
Let l(i) = 2*i**3 + 6*i**2 - 90*i - 15. What is the remainder when 2200 is divided by l(-8)?
55
Let t = -529 + 531. Suppose 0 = t*d + 49 - 129. What is the remainder when 194 is divided by d?
34
Let t(k) = -345*k - 1335. What is the remainder when 218 is divided by t(-4)?
38
Suppose 0 = 3*u - r - 1305, 0 = 57*r - 62*r. What is the remainder when u is divided by 20?
15
Let i = 271 - 144. Suppose -5*p + 6*p = -4*t + i, t - 5*p - 58 = 0. Calculate the remainder when (1 + 9)*26/4 is divided by t.
32
Suppose -839 = f + 4*f - 1632 + 443. Suppose 3*b - 304 = 113. What is the remainder when b is divided by f?
69
Let t be -2 + 4 - 0/(-4). Suppose 8*p + 97 = 209. Calculate the remainder when p is divided by ((-80)/(-5))/(t*1).
6
Suppose 2*o = -2*i + 118, 3*o - 5*i - 210 = -17. Let l = -36 + o. Suppose -2*t - 3*t = -l, -170 = -5*x + 3*t. What is the remainder when x is divided by 10?
7
Let v(o) = -21*o - 7 + 11 - 6. Calculate the remainder when v(-1) is divided by 15 + 2/4*0/6.
4
Let y = -7327 - -10260. What is the remainder when 11739 is divided by y?
7
Let f(l) = -35*l + 752. What is the remainder when 979 is divided by f(16)?
19
Let f(c) = 0*c**3 - c**3 + 1 + 0 - 3*c**2. Suppose -2577*y + 23799 = -58665. Calculate the remainder when y is divided by f(-4).
15
Suppose -14*r = 16*r - 12600. Suppose r = -3*n + 1263. What is the remainder when n is divided by 47?
46
Suppose -d + g + 1 + 0 = 0, 3*d - 2*g = 6. Suppose 5*v + l - 17 = -0*l, -d*l = -v + 16. Suppose -v*w + 19 = 11. What is the remainder when w is divided by 1?
0
What is the remainder when -88 + 81 - (-726)/1 is divided by 79?
8
Let w(n) = 27*n**2. Let h be w(1). Suppose 3*z = i - h, -5*z - 44 = -2*i - 4*z. Suppose -1960 = -12*o - 736. Calculate the remainder when o is divided by i.
18
Let x = -3 - -53. Suppose 30 = 10*c - x. Suppose -55 = -3*k + c. What is the remainder when k is divided by 13?
8
Suppose -2877 = 123*o - 33258. Calculate the remainder when o is divided by 95.
57
Let q be 1/(-6) + (-104)/(-48). Suppose -138 = -3*z + k, 3*z - q*k = k + 132. What is the remainder when z is divided by 24?
23
Suppose 0 = 19*l - 21*l + 3*z + 931, 4*l + 3*z = 1817. What is the remainder when l is divided by 42?
38
Let j be ((-2)/(-2))/(4/20). Suppose -5*p - n - 3*n = -398, j*n + 302 = 4*p. Let i = -73 + p. Calculate the remainder when 8 is divided by i.
3
Suppose -2*m = 2*g - 3 + 11, 8 = -3*g - 2*m. Let q = -87 + 127. Suppose 7*k - 16 - q = g. What is the remainder when 37 is divided by k?
5
Let n = 750 - 393. Calculate the remainder when n is divided by 52.
45
Let d(q) = -2*q**2 + 30*q + 5. Let j be d(14). Suppose j = 2*o - 5. What is the remainder when 740 is divided by o?
18
Suppose -12*a - 7*a = -17*a - 2942. Calculate the remainder when a is divided by 67.
64
Let n(q) = -9*q**2 + 585*q + 182. What is the remainder when n(62) is divided by 236?
204
Suppose -2*q - 906*l + 424 = -901*l, -896 = -4*q + 2*l. Calculate the remainder when 14207 is divided by q.
221
Calculate the remainder when 1881 + (7 - 5) - (5 + 0) is divided by 617.
27
Suppose -307*y + 306*y = 4*f - 395, 1831 = 5*y + 2*f. Calculate the remainder when y is divided by 4.
3
Let g be (-3)/((-3)/2438)*(4 + -3). Suppose 12*q - 35*q = -g. Calculate the remainder when q is divided by 19.
11
Suppose -1251 + 315 = -6*k. Suppose 9*y - k - 15 = 0. Let h = -92 - -166. Calculate the remainder when h is divided by y.
17
Let w = 345 - 240. Let x = 27 - w. Let h = x - -145. What is the remainder when h is divided by 35?
32
Let u(l) = -l + 36 - 1 + 59 - 7*l. Let o(g) = 10*g**2 - 2*g + 2. Calculate the remainder when o(2) is divided by u(10).
10
Let z(a) = -4*a**3 + 46*a**2 + 24*a + 29. What is the remainder when 485 is divided by z(12)?
21
Let j(x) = x**3 + x**2 + 2*x. Let d(n) = -140*n - 603. Let c be d(-14). Let r = c + -1024. Calculate the remainder when r is divided by j(2).
13
Suppose w - 1573 = -3*s + 3*w, 2*s = 5*w + 1034. What is the remainder when s is divided by 44?
43
Suppose -a - 32 = -3*a. Suppose -25 - 3 = -14*k. Suppose 4*i - 3*x = -5*x + 176, -k*i + 88 = -x. Calculate the remainder when i is divided by a.
12
Suppose -3*h + 5 + 235 = -4*y, 2*h = -4*y - 240. Let x = 20 + y. Let j = -35 - x. What is the remainder when 19 is divided by j?
4
Let u = 60 - 58. Suppose u*n - 3*n = -2. Suppose 3*x = i + 64, -i + 36 = n*x - 5*i. What is the remainder when 86 is divided by x?
20
Calculate the remainder when (13464/15)/(21/(-560)*-4) is divided by 15.
14
Let q(b) = b**3 + 11*b**2 + 7*b + 1. Let s be q(-9). Suppose s = 5*r - 250. What is the remainder when r is divided by 24?
22
Suppose -364*u = -184*u - 187*u + 6846. Calculate the remainder when u is divided by 20.
18
Let d(k) = k**2 - k + 10. Let r be d(-5). Let l be 375/r + (-6)/16. Suppose 182 + 34 = l*z. Calculate the remainder when z is divided by 17.
7
Suppose -5*m + 27*m - 21669 = 3323. What is the remainder when m is divided by 39?
5
Suppose 3*q + 11 = 4*a, 4*q + 0*a - 37 = -5*a. Let z(g) = 4*g**3 + 3*g**2 + 2*g - 2. Calculate the remainder when z(q) is divided by 49.
41
Let k = -37160 - -37569. What is the remainder when 1249 is divided by k?
22
Let z = -120 + 133. Suppose 0 = -5*g + 112 + z. What is the remainder when 47 is divided by g?
22
Let k(x) = -26 - 3*x + 27 - 43 + 2*x + 7*x. Calculate the remainder when 95 is divided by k(9).
11
Calculate the remainder when 2583 is divided by ((-18)/5)/((-6)/4)*180/36.
3
Suppose -x + 2*g = -6*x + 820, -5*g = -25. Let u = 274 - x. Calculate the remainder when u is divided by 40.
32
Suppose 119*o - 32028 + 6428 = 4745. What is the remainder when 967 is divided by o?
202
Suppose 2*g - 266 = -3*i, 3*g = -4*i + 4 + 349. Calculate the remainder when i is divided by 130/6 - (-128)/(-48).
16
Let v = -37 - 44. Let q = v + 84. Calculate the remainder when q is divided by ((-4)/(-6))/(1/3).
1
Suppose -2*a = -2*j + 14 + 104, -5*j - 3*a = -327. Suppose 5*f - 40 = -0*f. Calculate the remainder when j is divided by (-6)/24 - (-266)/f.
30
Calculate the remainder when (-1)/(-2) + 4086/4*3 is divided by 59.
56
Suppose 8*p = 9*p + 3. Let x be (p*2)/(3 - (-18)/(-4)). Suppose -5*u + b = x*b - 28, 5*u - 3*b - 52 = 0. Calculate the remainder when u is divided by 4.
0
Suppose -4*g + 9*g + 10 = 0, -g + 23 = 5*s. Let b(f) = -2*f**2 + 14*f + 8. Calculate the remainder when 34 is divided by b(s).
6
Suppose -36 = -5*z - 3*c + 149, -37 = -z - 2*c. Suppose 3*s - 1 = -z. Calculate the remainder when 46 is divided by (8/s)/((-2)/54).
10
Suppose 51436 = 184*m - 55284. Calculate the remainder when 5234 is divided by m.
14
Suppose -31*p = -38*p - 7. What is the remainder when (-25)/(-2 - p/1) - -3 is divided by 4?
0
Suppose 223*j - 53208 = 187*j. Calculate the remainder when j is divided by 490.
8
Suppose -5*o - 8 = -o, 5*v - 206 = -2*o. Calculate the remainder when v is divided by 22.
20
Calculate the remainder when 11258 is divided by (-1)/(-12)*12 - (-5 - 3).
8
Let f(n) = -2*n**3 - 3*n**2 - n. Suppose 4*j + 2 = 3*j. Let v be f(j). Calculate the remainder when 39 - (3 - v/3) is divided by 14.
10
Let z = -148 + 262. Suppose z = -2*y + 5*y. Calculate the remainder when 265 is divided by y.
37
Let x(r) = -r**3 - 9*r**2 - 24*r + 13. Calculate the remainder when (-6)/10 - ((-19168)/20)/4 is divided by x(-6).
43
Suppose -4*i + 80 = 4*l + i, 0 = 4*i. Suppose 15 + 35 = 10*m. Suppose m*g = -100 + 380. What is the remainder when g is divided by l?
16
Let h(l) = l**2 + 4*l + 4. Let c be h(-2). Suppose c = 5*a - 9*a + 468. Let d = 424 + -404. Calculate the remainder when a is divided by d.
17
Let r = -63 - -93. Let t = 4 + r. Calculate the remainder when t is divided by 20.
14
Let r = 538 - 320. Suppose -4*a + 45 + 117 = 2*b, -r = -3*b - a. What is the remainder when b is divided by 16?
7
Let v be (-3)/(24/(-16)) - (0 - -239). Let b = -218 - v. What is the remainder when 69 is divided by b?
12
Let h = -2493 - -2955. What is the remainder when h is divided by 91?
7
Let n(m) = 503*m + 2427. Calculate the remainder when n(-4) is divided by 31.
12
Let p(f) = f**3 + 15*f**2 + 10*f + 6. Calculate the remainder when p(-14) is divided by 12/(32/(-24)*-1).
8
Let q = -15006 + 15671. What is the remainder when q is divided by 111?
110
Let s(p) = -p**2 - p + 65. Let j(i) = 13*i - 256. Wha